ue
Is 1776143 a multiple of 92?
False
Does 47 divide 513009?
False
Is 52 a factor of 19672?
False
Is 536520 a multiple of 120?
True
Is 95 a factor of 4259146?
False
Is 112573 a multiple of 34?
False
Is 131 a factor of 38383?
True
Does 29 divide 535021?
True
Is 791076 a multiple of 6?
True
Is 6 a factor of 1360218?
True
Is 76 a factor of 18240?
True
Is 282 a factor of 63168?
True
Does 7 divide 770392?
True
Is 213697 a multiple of 184?
False
Does 55 divide 198826?
False
Does 13 divide 706901?
True
Does 32 divide 4596672?
True
Is 28 a factor of 5788692?
True
Is 43 a factor of 33005?
False
Is 122 a factor of 283772?
True
Is 36 a factor of 597730?
False
Does 24 divide 1469256?
True
Is 286131 a multiple of 171?
False
Is 8 a factor of 3253924?
False
Is 84 a factor of 741888?
True
Does 172 divide 6110644?
True
Is 23 a factor of 916523?
False
Is 147 a factor of 206829?
True
Does 27 divide 60765?
False
Is 360949 a multiple of 184?
False
Does 8 divide 16680800?
True
Does 479 divide 7064604?
False
Does 83 divide 803108?
True
Is 6295886 a multiple of 5?
False
Does 110 divide 458480?
True
Is 23205 a multiple of 10?
False
Is 1469755 a multiple of 167?
False
Is 846492 a multiple of 69?
True
Is 39 a factor of 286980?
False
Is 8106495 a multiple of 937?
False
Does 125 divide 158725?
False
Is 440418 a multiple of 66?
True
Is 514057 a multiple of 58?
False
Does 32 divide 156148?
False
Does 150 divide 43322?
False
Is 24 a factor of 99817?
False
Does 39 divide 672466?
False
Is 1446275 a multiple of 347?
False
Is 487397 a multiple of 6?
False
Is 8562197 a multiple of 163?
False
Is 14196 a multiple of 156?
True
Is 526443 a multiple of 30?
False
Is 417 a factor of 146784?
True
Is 126 a factor of 10084550?
False
Does 161 divide 4649575?
False
Is 15 a factor of 8423231?
False
Is 974937 a multiple of 265?
False
Is 607770 a multiple of 129?
False
Does 22 divide 3901348?
True
Is 24873 a multiple of 60?
False
Is 7 a factor of 12316?
False
Is 197547 a multiple of 23?
True
Is 26 a factor of 42224?
True
Does 225 divide 993897?
False
Does 86 divide 10513849?
False
Does 3 divide 22110?
True
Does 44 divide 22178?
False
Is 1467 a factor of 4425939?
True
Is 434163 a multiple of 33?
False
Is 506472 a multiple of 94?
True
Does 431 divide 155435?
False
Does 130 divide 635863?
False
Does 18 divide 113796?
True
Is 57 a factor of 602205?
True
Is 385 a factor of 1471855?
True
Is 14 a factor of 701222?
False
Is 117 a factor of 2176317?
True
Is 259 a factor of 192381?
False
Is 130 a factor of 593320?
True
Is 1464063 a multiple of 40?
False
Does 28 divide 4145848?
True
Is 53 a factor of 98527?
True
Is 131964 a multiple of 14?
True
Is 3301399 a multiple of 37?
True
Is 128 a factor of 6575078?
False
Does 129 divide 94075?
False
Is 115 a factor of 215321?
False
Does 151 divide 798639?
True
Is 422414 a multiple of 12?
False
Is 292659 a multiple of 196?
False
Does 10 divide 9358650?
True
Does 107 divide 124655?
True
Is 10 a factor of 118190?
True
Is 8 a factor of 33280?
True
Does 27 divide 136101?
False
Is 4002990 a multiple of 167?
True
Is 9 a factor of 4207212?
True
Is 499833 a multiple of 171?
True
Does 41 divide 490475?
False
Is 73452 a multiple of 22?
False
Does 15 divide 900930?
True
Is 119 a factor of 266953?
False
Does 34 divide 87618?
True
Does 520 divide 2004600?
True
Is 71 a factor of 2323138?
False
Is 3199008 a multiple of 376?
True
Is 1948753 a multiple of 71?
False
Does 979 divide 5566594?
True
Is 253 a factor of 279213?
False
Is 46 a factor of 202207?
False
Is 24 a factor of 109968?
True
Does 880 divide 605440?
True
Is 57 a factor of 22641?
False
Does 42 divide 297176?
False
Is 588613 a multiple of 46?
False
Does 26 divide 1604379?
False
Is 19 a factor of 1142302?
False
Is 646767 a multiple of 423?
True
Does 61 divide 256601?
False
Is 22034342 a multiple of 121?
True
Is 119944 a multiple of 52?
False
Is 179 a factor of 1759033?
True
Is 59 a factor of 5344161?
True
Is 153698 a multiple of 31?
True
Does 31 divide 319772?
False
Is 5361594 a multiple of 14?
True
Does 424 divide 328176?
True
Is 8 a factor of 288768?
True
Is 6247 even?
False
Is 887742 a multiple of 331?
True
Is 33 a factor of 65769?
True
Is 1676702 a multiple of 13?
False
Does 8 divide 17285481?
False
Is 11885 a multiple of 11?
False
Is 39637 a multiple of 13?
True
Does 6 divide 87979?
False
Is 1347124 a multiple of 649?
False
Is 141 a factor of 18128793?
True
Is 12123416 a multiple of 6?
False
Does 227 divide 90119?
True
Is 1872200 a multiple of 10?
True
Is 13 a factor of 13353232?
False
Is 50333 a multiple of 5?
False
Is 1336545 a multiple of 15?
True
Is 276 a factor of 1020096?
True
Is 1345 a factor of 9176935?
True
Is 15 a factor of 50202?
False
Is 463652 a multiple of 403?
False
Is 270096 a multiple of 331?
True
Is 1063604 a multiple of 21?
False
Is 15317882 a multiple of 6?
False
Is 614 a factor of 334630?
True
Does 701 divide 49732?
False
Is 2484832 a multiple of 28?
True
Is 221 a factor of 97685?
False
Is 412832 a multiple of 19?
True
Is 736736 a multiple of 5?
False
Does 301 divide 5001639?
False
Is 14 a factor of 26793340?
True
Does 474 divide 2070933?
False
Is 5986280 a multiple of 76?
False
Does 56 divide 593208?
True
Is 416 a factor of 3829582?
False
Is 2 a factor of 224103?
False
Is 138168 a multiple of 72?
True
Does 38 divide 698858?
True
Is 875616 a multiple of 19?
False
Is 20688 a multiple of 431?
True
Does 9 divide 532148?
False
Is 474 a factor of 9480?
True
Is 7 a factor of 688051?
True
Is 9 a factor of 3969612?
True
Is 3015680 a multiple of 10?
True
Does 297 divide 413955?
False
Is 5729065 a multiple of 5?
True
Is 842 a factor of 415106?
True
Is 96 a factor of 5189760?
True
Does 261 divide 1089074?
False
Does 8 divide 1499872?
True
Is 3 a factor of 513200?
False
Is 404 a factor of 516312?
True
Does 662 divide 435282?
False
Does 3 divide 11622?
True
Is 13 a factor of 24682?
False
Is 5174435 a multiple of 261?
False
Is 10287635 a multiple of 953?
True
Is 7321 a multiple of 175?
False
Is 1582229 a multiple of 83?
True
Does 9 divide 24605?
False
Does 12 divide 48052?
False
Does 225 divide 524820?
False
Is 228306 a multiple of 316?
False
Does 2 divide 66454?
True
Does 131 divide 1276202?
True
Is 55 a factor of 32683?
False
Is 37 a factor of 5341087?
False
Is 1406296 a multiple of 15?
False
Is 7 a factor of 133?
True
Is 13 a factor of 21192847?
True
Is 461 a factor of 1433710?
True
Does 135 divide 233415?
True
Is 2050189 a multiple of 321?
False
Is 197914 a multiple of 27?
False
Is 11767327 a multiple of 671?
True
Is 12151815 a multiple of 911?
False
Does 21 divide 205842?
True
Is 52 a factor of 56784?
True
Does 100 divide 6051865?
False
Is 6738772 a multiple of 1330?
False
Is 56 a factor of 79116?
False
Does 37 divide 240279?
False
Is 2387882 a multiple of 237?
False
Does 66 divide 941226?
True
Is 584272 a multiple of 16?
True
Is 6055032 a multiple of 793?
False
Is 522576 a multiple of 114?
True
Is 80 a factor of 3605503?
False
Does 586 divide 57350?
False
Is 1211721 a multiple of 22?
False
Is 1136 a factor of 7393217?
False
Is 735 a factor of 1737540?
True
Is 12 a factor of 64663?
False
Is 4406007 a multiple of 2140?
False
Is 140 a factor of 81900?
True
Is 219311 a multiple of 37?
False
Is 123 a factor of 315126?
True
Is 1472532 a multiple of 69?
False
Is 3135518 a multiple of 480?
False
Is 842560 a multiple of 320?
True
Does 16 divide 171392?
True
Is 6834 a multiple of 67?
True
Is 179 a factor of 47131?
False
Is 52 a factor of 115388?
True
Does 19 divide 414163?
False
Is 58 a factor of 117385?
False
Is 354 a factor of 861282?
True
Is 15875442 a multiple of 111?
True
Is 342064 a multiple of 496?
False
Does 5 divide 221690?
True
Is 13 a factor of 228840?
False
Is 501196 a multiple of 447?
False
Is 1171170 a multiple of 13?
True
Is 94899 a multiple of 21?
True
Is 1388856 a multiple of 196?
True
Is 405 a factor of 22270140?
True
Is 251064 a multiple of 44?
True
Does 27 divide 18137?
False
Does 116 divide 403561?
False
Does 37 divide 1692365?
False
Is 4841329 a multiple of 16?
False
Is 19 a factor of 24221561?
True
Is 57 a factor of 8287686?
True
Does 32 divide 35541?
False
Is 10402182 a multiple of 14?
True
Does 108 divide 16200?
True
Does 258 divide 579429?
False
Does 348 divide 103454?
False
Does 12 d